3 + 2*h**2 - h. Let i(g) = g**3 - 5*g**2 + 6*g - 3. Suppose 3*u = -3 + 15. Let a be i(u). What is l(a)?
-1
Let g(d) = -2*d. Let v = 105 - 108. Calculate g(v).
6
Let r(l) be the first derivative of -l**3/3 + 7*l**2/2 + 3*l + 28. Give r(6).
9
Let t(o) = o**2 - 4*o + 4. Suppose 12 = 5*h - 3. Let j be (-1)/(4 + (-13)/h). Calculate t(j).
1
Let g(i) = i**2 + 13*i + 4. Let o be g(-13). Let b(d) = -d + 7. Let r be b(o). Let a(l) = l + 1. Let q(j) = j + 1. Let w(f) = -2*a(f) + q(f). Give w(r).
-4
Let x be (1 + 0)/(2/10). Let h(w) = 6 + 2*w**2 + w**3 + 0*w**2 - 6*w**2 - 7*w. Give h(x).
-4
Let w(k) = -2*k - 1. Let x(m) = m**2 - 9*m + 9. Let f be x(2). Determine w(f).
9
Let l(t) be the second derivative of t**6/360 - t**5/40 - t**4/6 - 7*t**3/6 - 2*t. Let q(m) be the second derivative of l(m). Calculate q(4).
0
Let w(k) = 6*k**3 - k**2 + k. Let b = 6 - -7. Let c = -12 + b. What is w(c)?
6
Let r(l) be the second derivative of l**3/2 - 3*l**2 - l. Let p be 9/(((-6)/4)/(-1)). Determine r(p).
12
Let x(s) = -2*s + 3. Let o(h) = 5*h - 8. Let y(g) = 3*o(g) + 8*x(g). Let d be (-2)/(-4) - (-7)/2. What is y(d)?
-4
Let y(l) = -l**3 + 2*l**2 + l. Suppose 4*s - 17 = -5*z, 19 = 5*z - 6. Determine y(s).
14
Suppose 17 = -4*l - 7. Let a = l + 8. Let n(u) = 5*u - 4*u**2 - 3 + 2*u**3 + 6 - 2*u**a - u**3. Determine n(5).
3
Let v(x) = -x**3 + 5*x**2 - 3*x + 4. Suppose -6*s + 20 = -2*s. Suppose 3*w - 22 = 5*z, 0*w = 4*w + s*z - 6. What is v(w)?
8
Suppose -4 = 15*j - 11*j. Let k = -18 + 12. Let f = k - j. Let w(c) = c - 2. Give w(f).
-7
Let c(w) be the first derivative of -2 + 0*w + 0*w**2 - 7/3*w**3. Calculate c(1).
-7
Suppose 0 = -3*q + 2 + 4. Let i(x) = q*x + 0 + 2 - 3. Calculate i(2).
3
Let x(w) = -3*w + w - 3*w + 6*w + 2. Give x(6).
8
Suppose -5*r + 30 = 4*q - 0*q, -5*q = -25. Let n(t) = 3*t**2 - 5*t**2 - 2*t**3 - r + t**3. What is n(-3)?
7
Suppose 20 = 2*c - 4*d, -c - c - 2*d - 4 = 0. Let w(k) = 7*k**2 + 2*k - k + 2*k**c + 1 - 4*k**2. Calculate w(-1).
5
Let o(c) = -3*c**3 + 6*c**2 - c + 4. Let j(h) = h**3 + h - 2. Let a(v) = 2*j(v) + o(v). What is a(6)?
6
Let h(n) = n + 1. Let p(q) = -2*q**2 + 10*q + 7. Let x(k) = 6*h(k) - p(k). Calculate x(3).
5
Let x(f) = f**2 - 4*f + 7. Let p(b) = 4*b**2 - 13*b + 21. Let z(d) = -2*p(d) + 7*x(d). Suppose 9 = 4*y - 5*q, -3*y - q = 22 - 5. Let o = y + -1. What is z(o)?
-8
Let d(n) = 3*n - 4 + 0*n**2 + n**2 + 0*n**2 - 5*n. Suppose -4 - 2 = 2*k. Determine d(k).
11
Let l(w) be the third derivative of -2/3*w**3 + 0 + 1/20*w**5 + 3*w**2 + 1/6*w**4 + 0*w - 1/120*w**6. Give l(3).
8
Let l(u) = -2*u + 3. Let t(w) = 2*w - 2 - 6 + 3 + 3. Let c(q) = -5*l(q) - 6*t(q). Give c(-4).
5
Let d(a) = -1 - 1 - 4*a - a**2 - 1 + 0*a**2. Suppose 2*y + 0*y - 3*v - 7 = 0, -y + 3*v + 11 = 0. Calculate d(y).
-3
Suppose 10*m - 20 = 5*m. Let h(u) = -u + 4. Let c be h(m). Let j(w) be the first derivative of w**3/3 - w**2/2 + 3*w - 5. Determine j(c).
3
Let q be ((-13)/2)/(9/(-18)). Let u = q - 7. Let b(k) = -2*k + 7. Calculate b(u).
-5
Suppose g = -2*o + 2*g + 39, 3*g + 77 = 4*o. Suppose -2*d = -6*d - o. Let v(z) = -z**3 - 5*z**2 - 1. Calculate v(d).
-1
Let j = -5 - -7. Let w be 4*3/3 - j. Let x(l) = l**2 - 2*l + 1. Let p(h) = -2*h**2 + 3*h - 1. Let t(v) = 2*p(v) + 5*x(v). What is t(w)?
-1
Let g(w) = -9*w + 2. Suppose -3*m = 5*p + 11, -m - 1 = -4*m - 2*p. Give g(m).
-25
Let l(z) = -5*z**2 + z + 1. Let r = -1 + 5. Suppose 5*g + 15 = p, 4*g + 0*g - r*p = -28. Let h = g - -1. What is l(h)?
-5
Let f be 4/18 - 29/9. Let k(x) = -3*x + 2. Let z(j) = 2*j - 2. Suppose -18 = -4*r + 2. Let i(h) = r*z(h) + 4*k(h). What is i(f)?
4
Suppose -2*g - 2*g = -8. Let o(j) = 10*j - 4*j + g - 7*j. Determine o(1).
1
Let q = -8 - -13. Suppose q*s = 2*s + 6. Let k(y) = 3*y**3 - 1 + 2*y - s*y**3 + 7*y**2 - 5*y**2. What is k(-2)?
-5
Let x(h) be the first derivative of h**6/120 + h**5/15 - h**4/4 - 5*h**3/6 - 2*h**2 - 7. Let i(n) be the second derivative of x(n). What is i(-5)?
0
Let d(o) = 2 + 4*o**2 - o**3 - o - 6*o - 11*o**2. What is d(-5)?
-13
Let w(f) be the third derivative of -f**4/12 + f**3 - 10*f**2. Give w(4).
-2
Let z(f) = 73 - 71 + f + 2*f. Give z(-3).
-7
Let x(p) = -p**2 + 3*p - 3. Let n(v) = 2*v**2 + 4*v + 2. Let m be n(-2). Suppose -m*l + 5 = -l. Suppose 20 = l*s - 0*s. Determine x(s).
-7
Let u(r) = r - 25*r**3 + 10*r**3 + r**3 + 9*r**3 + r**2 - 1. What is u(1)?
-4
Let b(y) = -2*y**2 - 2*y - 1. Let w(p) = p**2 + 6*p + 3. Let s be w(-2). Let x = 3 + s. Give b(x).
-5
Suppose -6*a - 3 = -27. Let q(h) = -h**2 + h + 1. What is q(a)?
-11
Let n = -5 - -10. Let q(w) = -2*w - n*w**2 - 1 + w**3 + 4*w + 0 + w. What is q(4)?
-5
Let v(c) = -4*c**3 - c**2 + c + 1. Suppose -3*z - 2 = 2*p, -2*z = -0*z. What is v(p)?
3
Let v(l) = -l + 2. Let g(p) = p - 3. Let h(t) = 3*g(t) + 2*v(t). What is h(7)?
2
Let w(c) = -c**2 + 7*c - 5. Suppose 5*d + q = 17, -d + 1 + 9 = -2*q. Give w(d).
7
Let s(z) be the third derivative of z**5/60 + z**3/6 + 13*z**2. Calculate s(1).
2
Let o(v) be the third derivative of v**4/24 + v**3/3 - 5*v**2. Determine o(-3).
-1
Let g(f) = 3*f - 2. Suppose 5*j + 24 = -3*k, 0*k - 18 = 5*j + k. What is g(j)?
-11
Let f(m) = 3 - 3*m - m + 12 + 5*m. Suppose 2 = 3*v + l, 0 = -3*v - 4*l + l + 6. Give f(v).
15
Suppose 0 = 3*d - 12 - 0. Let q(b) = b + 3*b + 0*b - 5*b**2 + 4*b**2. Determine q(d).
0
Let r(z) = z - 3. Let v = 11 - 8. Let q(w) = 2*w - 2. Let c be q(v). Suppose 0 = 2*d + c, -3*b + 16 = 4*d + 6. Determine r(b).
3
Suppose -5*j - w + 15 - 5 = 0, -5*w + 26 = j. Let x be -2 - j/(-2)*2. Let k(m) = m + 1. What is k(x)?
0
Suppose 4*r = r + 18. Let g(x) = -x + 0*x + r - 3. Let q(b) = b**3 + 3*b**2 + b. Let s be q(-2). What is g(s)?
1
Let o(g) = -2*g - 1. Let v(w) = w**2 + 8*w - 8. Suppose 3*m = -9 - 18. Let n be v(m). Calculate o(n).
-3
Suppose 5*a = -21 - 24. Let q = a - -7. Let f(j) = 2*j**3 + 3*j**2 - 1. Determine f(q).
-5
Let m(i) = i + 2. Let p be m(3). Let s(u) = -p*u**2 + 12*u**2 - 6*u**2 + 1. Determine s(-2).
5
Let b(h) = -h**3 - h. Let w(o) = 4*o**3 - 4*o**2 + 5*o - 4. Let d(q) = 5*b(q) + w(q). What is d(-4)?
-4
Let r(o) = o + 6 - 4*o + 0*o - 1. Let u be 2/(0 - 2/(-4)). Suppose -p + u = -0. What is r(p)?
-7
Let g(b) be the first derivative of -b**2 + 3*b + 2. Let v be 1/(-5) + 176/80. Determine g(v).
-1
Suppose -3*y = 0, -3*g - 5*y = 2*g - 50. Let f(h) = -g - h + 2 + 8. What is f(-1)?
1
Let x(g) = 14*g. Suppose 3*f = -3*y + 4*f, y - f = -2. Calculate x(y).
14
Let b(c) = 1 + 5*c - 1. Let r = -3 + 6. Suppose o + 2 = r. Calculate b(o).
5
Suppose -2*q + 6*q - 8 = 0. Let c(n) = -q*n + 2 - n**2 + 2 + 1. Suppose 4*y = 5*y + 4. Give c(y).
-3
Let o(q) = q**3 + q**2 - 3*q + 4. Let y = -11 - -13. Suppose 3*d + 11 = y. Calculate o(d).
-5
Suppose -p = 4*p. Suppose 5*l - 2*m = -6, -5*l + 3*l + 5*m - 15 = p. Let c(a) = -a**3 - a**2 + a + 13. Determine c(l).
13
Suppose 0 = -6*f + f + 3*i + 27, 5*f + 3*i - 33 = 0. Suppose f = -3*q - 3. Let d(j) = 3*j + 4. Give d(q).
-5
Let y(i) = i + 6. Suppose 3*s + 6*s = 0. What is y(s)?
6
Let t = -10 - -9. Suppose -2*u - 5*p = -2, 5*u + p = -0*p + 5. Let k(s) = 0*s**2 + 4*s**2 + 0*s**2 - s - 5*s**2 - u. Determine k(t).
-1
Let v(m) = -37*m + 15*m + 21*m - 6. Give v(-5).
-1
Let j(i) be the first derivative of 2/3*i**3 - 1/4*i**4 + 0*i**2 + 2 + 2*i. Let m = -4 + 6. Give j(m).
2
Let i(p) = -p + 1. Let m be 3/(-6) + (-1)/2. Let t(r) = r**3 - r**2 - 5*r - 2. Let c(x) = m*t(x) + i(x). Give c(-2).
7
Let c(k) = k**2 + k + 1. Let p = -182 - -182. Determine c(p).
1
Let d(b) = b**2 + 2*b - 1. Suppose -6*y - 3 = 3*h - 9*y, -3*h + 2*y - 8 = 0. Let u = 6 + h. Suppose -4*n + 5*w = -u*n - 12, 3*w = -12. Determine d(n).
-1
Let i = 12 + -5. Let c(w) = w**3 - 7*w**2 - w + 8. Calculate c(i).
1
Let f = -38 - -46. Let o(v) = -v**3 + 7*v**2 + 7*v - 1. Calculate o(f).
-9
Let c = 8 - 7. Let o(q) = -5*q**3 - 2*q**2 + 1. Let b be o(c). Let w be 16/12 + (-4)/b. Let x(p) = -p - 2. What is x(w)?
-4
Let n(u) = -u - 5. Let k = -11 - -15. What is n(k)?
-9
Suppose 7*g - 4*g - l + 5 = 0, 20 = -5*l. Let y(o) be the first derivative of o**4/4 + 4*o**3/3 - 4*o + 1. Give y(g).
5
Let f be (-3)/(1 - 2) - -2. Let y(w) = 7 + 6*w - 13*w + 4*w. Calculate y(f).
-8
Suppose -s - 2 = -8. Suppose 5*z = -y + 14, 3*z = -3*y + s + 12. Suppose 0*i = -4*l + 5*i + y, 2*l = 4*i + 2. Let k(f) = -f**3. What is k(l)?
-1
L